-- phpMyAdmin SQL Dump
-- version 4.1.7
-- http://www.phpmyadmin.net
--
-- Host: localhost
-- Generation Time: Mar 26, 2014 at 04:51 PM
-- Server version: 5.1.71-community-log
-- PHP Version: 5.3.10

SET SQL_MODE = "NO_AUTO_VALUE_ON_ZERO";
SET time_zone = "+00:00";


/*!40101 SET @OLD_CHARACTER_SET_CLIENT=@@CHARACTER_SET_CLIENT */;
/*!40101 SET @OLD_CHARACTER_SET_RESULTS=@@CHARACTER_SET_RESULTS */;
/*!40101 SET @OLD_COLLATION_CONNECTION=@@COLLATION_CONNECTION */;
/*!40101 SET NAMES utf8 */;

--
-- Database: `my_giselda`
--

-- --------------------------------------------------------

--
-- Table structure for table `ES1.ATTORE`
--

CREATE TABLE IF NOT EXISTS `ES1_ATTORE` (
  `codice` varchar(6) NOT NULL,
  `nome` varchar(128) NOT NULL,
  `nazionalita` varchar(4) NOT NULL,
  `anno_di_nascita` int(11) NOT NULL,
  PRIMARY KEY (`codice`)
) ENGINE=MyISAM DEFAULT CHARSET=latin1;


CREATE TABLE IF NOT EXISTS `ES1_FILM` (
  `codice` varchar(6) NOT NULL,
  `titolo` varchar(256) NOT NULL,
  `anno` int(11) NOT NULL,
  `codice_regista` varchar(6) NOT NULL,
  PRIMARY KEY (`codice`)
) ENGINE=MyISAM DEFAULT CHARSET=latin1;

--
-- Dumping data for table `ES1.ATTORE`
--

INSERT IGNORE INTO `ES1_ATTORE` (`codice`, `nome`, `nazionalita`, `anno_di_nascita`) VALUES
('NATPOR', 'Natalie Portman', 'EN', 1981),
('EWAMCG', 'Ewan McGregor', 'EN', 1971),
('HUGJAC', 'Hugh Jackman', 'AS', 1968),
('LEOCAP', 'Leonardo Di Caprio', 'US', 1974);
-- --------------------------------------------------------

--
-- Table structure for table `ES1.ATTORE_FILM`
--

CREATE TABLE IF NOT EXISTS `ES1_ATTORE_FILM` (
  `codice_attore` varchar(6) NOT NULL,
  `codice_film` varchar(6) NOT NULL,
  `ruolo` varchar(1) NOT NULL,
  PRIMARY KEY (`codice_attore`,`codice_film`)
) ENGINE=MyISAM DEFAULT CHARSET=latin1;

--
-- Dumping data for table `ES1.ATTORE_FILM`
--

INSERT IGNORE INTO `ES1_ATTORE_FILM` (`codice_attore`, `codice_film`, `ruolo`) VALUES
('NATPOR', 'STARW2', 'P'),
('EWAMCG', 'STARW2', 'P');

-- --------------------------------------------------------

--
-- Table structure for table `ES1.CINEMA`
--

CREATE TABLE IF NOT EXISTS `ES1_CINEMA` (
  `codice` varchar(6) NOT NULL,
  `nome` varchar(128) NOT NULL,
  `citta` varchar(128) NOT NULL,
  `numero_sale` int(11) NOT NULL,
  PRIMARY KEY (`codice`),
  UNIQUE KEY `codice` (`codice`)
) ENGINE=MyISAM DEFAULT CHARSET=latin1;

--
-- Dumping data for table `ES1.CINEMA`
--

INSERT IGNORE INTO `ES1_CINEMA` (`codice`, `nome`, `citta`, `numero_sale`) VALUES
('STACRM', 'STARDUST VILLAGE', 'ROMA', 12),
('UCICRM', 'Ucincinemas Roma', 'ROMA', 14),
('MAESRM', 'MAESTOSO', 'ROMA', 4),
('ANDRRM', 'ANDROMEDA', 'ROMA', 14),
('ADRRM', 'ADRIAMO MULTISALA', 'ROMA', 18),
('MADIRM', 'MADISON', 'ROMA', 16);


-- --------------------------------------------------------

--
-- Table structure for table `ES1.FILM`
--


--
-- Dumping data for table `ES1.FILM`
--

INSERT IGNORE INTO `ES1_FILM` (`codice`, `titolo`, `anno`, `codice_regista`) VALUES
('STARW1', 'Star Wars - Episodio 1', 1999, 'GEOLUC'),
('STARW2', 'Star Wars - Episodio 2', 2002, 'GEOLUC'),
('SHUISL', 'Shutter Island', 2010, 'MARSCO'),
('THEAVI', 'The Aviator', 2004, 'MARSCO'),
('GANNEW', 'Gangs of New York', 2002, 'MARSCO'),
('TITANI', 'Titanic', 1997, 'JAMCAM');

-- --------------------------------------------------------

--
-- Table structure for table `ES1.PROIEZIONE`
--

CREATE TABLE IF NOT EXISTS `ES1_PROIEZIONE` (
  `codice_sala` varchar(6) NOT NULL,
  `codice_film` varchar(6) NOT NULL,
  `data` date NOT NULL,
  `ora` date NOT NULL,
  `numero_spettatori` int(11) NOT NULL,
  `codice_cinema` varchar(6) NOT NULL,
  PRIMARY KEY(`codice_cinema`,`codice_film`,`codice_sala`)
) ENGINE=MyISAM DEFAULT CHARSET=latin1;

INSERT IGNORE INTO `ES1_PROIEZIONE` (`codice_sala`, `codice_film`, `data`, `ora`, `numero_spettatori`, `codice_cinema`) VALUES
(2, 'STARW1', '2014-03-23', '17:30', 23, 'STACRM'),
(1, 'STARW1', '2014-03-26', '15:30', 123, 'STACRM'),
(3, 'STARW2', '2014-03-03', '17:30', 22, 'ADRIRM'),
(3, 'STARW2', '2014-03-03', '17:30', 22, 'STACRM'),
(4, 'STARW2', '2014-03-03', '17:30', 228, 'STACRM'),
(2, 'STARW1', '2014-03-03', '14:00', 180, 'UCICRM'),
(1, 'TITANI', '2014-03-03', '17:30', 228, 'ANDRRM'),
(2, 'SHUISL', '2014-03-03', '14:00', 180, 'ANDRRM');
-- --------------------------------------------------------

--
-- Table structure for table `ES1.REGISTA`
--

CREATE TABLE IF NOT EXISTS `ES1_REGISTA` (
  `codice` varchar(6) NOT NULL,
  `nome` varchar(128) NOT NULL,
  `nazionalita` varchar(4) NOT NULL,
  `anno_di_nascita` int(11) NOT NULL,
  PRIMARY KEY (`codice`)
) ENGINE=MyISAM DEFAULT CHARSET=latin1;

--
-- Dumping data for table `ES1.REGISTA`
--

INSERT IGNORE INTO `ES1_REGISTA` (`codice`, `nome`, `nazionalita`, `anno_di_nascita`) VALUES
('GEOLUC', 'George Lucas', 'US', 1944),
('MARSCO', 'Martin Scorsese', 'US', 1942),
('STESPI', 'Steven Spielberg', 'US', 1946),
('JAMCAM', 'James Cameron', 'US', 1954);



-- --------------------------------------------------------
--
-- Table structure for table `ES1.SALA`
--

CREATE TABLE IF NOT EXISTS `ES1_SALA` (
 
  `numero` int(11) NOT NULL,
  `codice_cinema` varchar(6) NOT NULL,
  `3d` tinyint(1) NOT NULL,
  PRIMARY KEY (`codice_cinema`,`numero`)
) ENGINE=MyISAM DEFAULT CHARSET=latin1;

--
-- Dumping data for table `ES1.SALA`
--

INSERT IGNORE INTO `ES1_SALA` (`numero`, `codice_cinema`, `3d`) VALUES
(1, 'STADRM', 1),
(1, 'STACRM', 1),
(2, 'STACRM', 1),
(3, 'STACRM', 0),
(4, 'STACRM', 0),
(5, 'STACRM', 0);
